 6*c + 43 + 11. Let x be c/(-6) - (-2 + (-695)/2). Calculate the greatest common factor of 54 and x.
27
Let w = 170 - 95. Let f be w/10*8/5. Suppose 0 = 3*t - 5*t - 4*b - 4, 4*b + 28 = 2*t. Calculate the greatest common factor of t and f.
6
Let s(u) = -u**3 - 22*u**2 + 239*u + 27. Let p be s(8). Calculate the highest common factor of 14687 and p.
19
Let d(f) = -f**3 + 12*f**2 - 14*f + 17. Suppose 0*r + 4*r - s - 44 = 0, s + 4 = 0. Let i be d(r). Calculate the highest common divisor of 33 and i.
11
Let w be 343 + 12*8/(-12). Suppose -2*y - 192 - w = -5*q, -318 = -3*q + 3*y. Calculate the highest common divisor of q and 15.
15
Let i be (-985)/(-65) - 3/(-39)*-2. Suppose r = -4*r + i. Suppose r*q - 13*q + 390 = 0. Calculate the greatest common divisor of 13 and q.
13
Let k be ((-192)/(-12) - -4)/(-9 + 10). What is the highest common factor of k and 1065?
5
Let v(h) = 5*h**2 - 13*h + 5. Let p be (-14)/(-35) + 92/20. Let b be v(p). Calculate the highest common divisor of 65 and b.
65
Let g(v) be the first derivative of v**3/3 + 5*v**2 + 17*v - 834. Let o be 21/(-3) + 1*-1. Let i be g(o). What is the greatest common factor of 1 and i?
1
Let d(w) = w**3 - 85*w**2 + 656*w + 69. Let q be d(78). Calculate the highest common factor of 9 and q.
9
Let l(c) = c**3 - 24*c**2 - 106*c - 108. Let n be l(28). What is the greatest common divisor of n and 1155?
15
Let q = -22 + 25. Let y be (q - 6)/((-6)/(-80)). Let k = -29 - y. What is the highest common divisor of k and 1?
1
Suppose 2*f - 3*f - 2 = 0. Let i be 21/((-6)/f)*1. Let l be -1*-1*1*(-52)/(-52). Calculate the highest common divisor of i and l.
1
Let k = 80 + -10. Suppose -3*v = -4*t - v + 16, -4*t + 16 = -3*v. Let r be (-7 - -9)/(t/14). What is the highest common divisor of r and k?
7
Let c be (-6 + -39)*((-4)/3)/(-2). Let s be (-484)/c - 2/15. Suppose s - 14 = o. Calculate the highest common factor of o and 16.
2
Suppose -7*k + 3112 = 2*c - 4*k, 4*c = 5*k + 6268. What is the greatest common divisor of c and 66?
22
Let g = 4271 - 4066. Calculate the greatest common factor of g and 328.
41
Let i be (-1 - 3)*135/(-12). Let p = 2373 - 2364. What is the greatest common factor of i and p?
9
Let n(f) = 17*f**2 + 8*f + 6. Let t be 1/(9/(-72)) - -7. Let x be n(t). Calculate the highest common factor of x and 36.
3
Suppose -5*k = -5*i - 8 + 53, 0 = i - 3. Let m = 9 + k. Suppose 0 = m*n - 172 - 152. What is the greatest common factor of n and 27?
27
Let b = 26964 + -16579. What is the greatest common factor of b and 775?
155
Suppose -2*r - 4*n + 1024 = 0, 5*r - 2551 = -2*n + n. Suppose -612 = -528*g + r*g. Suppose 236 = 3*f - 19. Calculate the greatest common factor of f and g.
17
Let s(w) = 29*w**2 + 36*w + 4. Let f be s(-10). Calculate the highest common divisor of 32 and f.
16
Suppose -154*g - 144*g = -268*g - 6840. What is the greatest common factor of g and 2337?
57
Let f be ((-282800)/(-1428))/((-2)/(-6)) - (-6)/(-51). Calculate the greatest common divisor of 5478 and f.
66
Let m(i) = -124 + 62 + i**2 + 58. Let t be m(-2). Suppose 5*v + 0 - 80 = t. What is the highest common divisor of 16 and v?
16
Let m be 0 + 1 - -620 - (-268 - -265). Calculate the greatest common divisor of 117 and m.
39
Let t(d) = -305*d + 4287. Let b be t(14). Let i(a) = -a**3 + 6*a**2 + 4. Let q be i(6). Suppose 0 = l - q - 13. What is the highest common factor of l and b?
17
Let k(q) = -q**2 + 20*q + 67. Let h be k(-3). Let d be 10 + 21 + ((-8)/h - -1). Calculate the highest common divisor of 171 and d.
9
Let o be (-6)/(((-6)/4)/(12246/(-104))). Let v = o + 490. What is the highest common divisor of v and 950?
19
Let q = 12651 + -10583. What is the highest common divisor of 55 and q?
11
Suppose -2*h = h - 2*o - 61, o = -4*h + 85. Suppose -4524 = -5*j - 3*y, -78 + 4587 = 5*j - 2*y. What is the greatest common divisor of h and j?
21
Let f(d) = 5*d**3 + 8*d**2 - 2*d - 20. Let p be f(4). Let j be (4 - 4) + 5*14. Calculate the highest common factor of p and j.
70
Suppose 204 - 180 = -34*i + 262. Suppose 2*p - 5*p + 483 = 0. What is the highest common divisor of i and p?
7
Suppose -956 = 4*w - 2*l, -4*w - 694 = -5*l + 256. Let x be ((-3)/12)/(12/w). What is the greatest common factor of 245 and x?
5
Let l be (11/3)/((-5)/(-3)*(-29)/(-1305)). What is the highest common factor of l and 27?
9
Let u(l) = -l**2 - 137*l + 398. Let c be u(-139). Calculate the greatest common factor of 8340 and c.
60
Let k be 13/((-39)/(-30)) - (12 + -977). What is the highest common factor of k and 1650?
75
Suppose y - 2*c = 1596, 4*y - 7073 = -c - 662. What is the greatest common factor of y and 36?
18
Suppose 8*g - 9*g = -4. Suppose -y = -4*h + h + 10, -1 = h + g*y. Suppose -n = -4*o + 13, h*n - 5*o + 5 + 6 = 0. What is the highest common factor of n and 33?
3
Let d(v) = -3*v**2 + 177*v - 30. Let u be d(60). Let k = 212 + u. Calculate the greatest common factor of 34 and k.
2
Let h(s) = s**3 + 12*s**2 + 2*s + 5. Let u be (-2 - (-57)/12)*-4. Let l be h(u). Let n = 79 - 66. Calculate the highest common divisor of n and l.
13
Suppose -5*g + 146 = -3*f - 541, 2*g = 3*f + 291. Calculate the greatest common divisor of g and 2148.
12
Let i(d) = d**3 + d**2 + 9*d - 17. Let c be i(5). Suppose -5*g - 23 = -c. What is the greatest common divisor of g and 279?
31
Suppose 2*i + 52 = 5*g, 10*i = -2*g + 15*i + 4. Calculate the greatest common divisor of 636 and g.
12
Let d(c) = c**3 + 48*c**2 + 136*c + 101. Let u be d(-45). Calculate the highest common divisor of 3164 and u.
28
Let u = -3691 - -3766. Suppose 0*z = -10*z + 900. Calculate the highest common divisor of u and z.
15
Let r = -4675 + 4726. Let d(a) = -63*a + 3. Let b be d(-4). What is the highest common factor of r and b?
51
Suppose -89*g + 90*g - 5*i - 26 = 0, 5*g - 2*i = 84. What is the highest common divisor of g and 27?
1
Let d(h) be the third derivative of -1/3*h**4 + 4*h**3 + 5*h**2 + 0*h - 1/60*h**5 + 0. Let q be d(-8). Calculate the greatest common factor of 12 and q.
12
Suppose 5496*s + 180040 = 5531*s. What is the highest common divisor of 8 and s?
8
Suppose -2*u = 3*u - 230. Let w(f) = -f**3 + 15*f**2 - 66*f + 390. Let i be w(10). Calculate the greatest common divisor of i and u.
46
Let q be (4 - 6)/((-1)/(-8)). Let w be q/6*(11 - 62/4). Calculate the highest common factor of w and 48.
12
Suppose -5*g = -4*g - 185. Let t = -96 + 194. Let h = t + -61. What is the highest common divisor of h and g?
37
Suppose 2*o - 334 = 2*b, b - 203 = -4*o + 490. Calculate the highest common factor of 2838 and o.
86
Let h be 3/(7 - 6) + 2. Suppose -h*x = g - 1087 - 3097, 0 = x - g - 838. Calculate the greatest common divisor of 93 and x.
93
Let c = -10916 - -11032. What is the greatest common factor of 248 and c?
4
Let a = 3887 - 2159. What is the highest common divisor of 48 and a?
48
Suppose -12*z = -16706 + 15194. What is the highest common factor of 1218 and z?
42
Let r = -33 - -147. Let w be (4*1)/(24/r). Suppose 0 = -2*i - 4*k + 172, -2*i - 3*k + 142 = -25. Calculate the highest common divisor of i and w.
19
Let i(t) = -4*t + 3*t - t**2 + 1 - 5*t - t. Let v be i(-5). Let o = -2 + v. Calculate the greatest common factor of 9 and o.
9
Let w(h) = 4*h - h**2 + 2*h + 19825 - 19708. Let i be w(13). What is the highest common divisor of i and 78?
26
Let i be (27 - 28)/(-1*2/6). Suppose 674 = i*x - 811. Calculate the greatest common factor of 55 and x.
55
Let l(g) = g**3 - 6*g**2 + 22*g - 42. Let f be l(4). Suppose 0 = -2*n + 13 + 15. What is the greatest common factor of f and n?
14
Suppose 31 = -3*z - 92. Let w = 32 + z. Let f = w - -39. What is the greatest common factor of 10 and f?
10
Let o(u) be the second derivative of 3*u**4/4 - 10*u**3/3 - 87*u**2/2 - 51*u - 1. Let c be o(-7). What is the greatest common divisor of c and 26?
26
Let t = -272 - -178. Let q = t - -50. Let c = q - -66. Calculate the greatest common factor of 55 and c.
11
Let z = -3338 + 4604. Calculate the greatest common divisor of 6 and z.
6
Let o(g) = 52*g + 64. Let x be o(-1). Suppose 3 = 2*k - 21. What is the greatest common factor of k and x?
12
Suppose 0*n + 5*n + 28 = j, 55 = 4*j - n. Suppose 0 = s + 4 - 69. Calculate the greatest common divisor of s and j.
13
Suppose -64249 + 706 = -147*p + 8928. Calculate the greatest common divisor of 14